33
What is the highest common factor of 11 and 1529?
11
Calculate the highest common divisor of 369 and 120.
3
What is the greatest common factor of 1659 and 14?
7
What is the greatest common divisor of 192 and 32?
32
Calculate the greatest common divisor of 66 and 11154.
66
Calculate the greatest common factor of 16 and 592.
16
Calculate the greatest common factor of 68 and 153.
17
Calculate the greatest common factor of 45 and 265.
5
What is the highest common factor of 16 and 4160?
16
Calculate the greatest common divisor of 19 and 1007.
19
What is the greatest common divisor of 21 and 1743?
21
Calculate the greatest common factor of 405 and 30.
15
What is the greatest common factor of 32 and 656?
16
Calculate the highest common factor of 5795 and 427.
61
What is the greatest common divisor of 33 and 352?
11
Calculate the highest common divisor of 616 and 56.
56
Calculate the greatest common divisor of 4812 and 24.
12
What is the greatest common divisor of 140 and 2590?
70
What is the highest common divisor of 341 and 297?
11
Calculate the highest common factor of 458 and 7099.
229
Calculate the highest common factor of 3741 and 387.
129
Calculate the highest common factor of 18 and 7872.
6
Calculate the highest common factor of 609 and 290.
29
Calculate the greatest common factor of 36 and 909.
9
Calculate the greatest common factor of 10 and 1390.
10
What is the greatest common divisor of 95 and 55?
5
What is the highest common divisor of 17 and 17?
17
What is the highest common factor of 784 and 224?
112
Calculate the greatest common factor of 377 and 1276.
29
What is the greatest common divisor of 168 and 48?
24
Calculate the highest common factor of 20 and 15.
5
Calculate the highest common factor of 132 and 165.
33
What is the highest common divisor of 304 and 32?
16
What is the greatest common factor of 17400 and 1050?
150
Calculate the highest common divisor of 3948 and 21.
21
Calculate the greatest common factor of 1287 and 495.
99
What is the highest common factor of 117 and 35841?
39
Calculate the greatest common divisor of 435 and 348.
87
Calculate the greatest common divisor of 10 and 25.
5
Calculate the greatest common factor of 124 and 558.
62
Calculate the greatest common divisor of 64 and 928.
32
Calculate the highest common factor of 1353 and 55.
11
Calculate the highest common factor of 1763 and 451.
41
Calculate the greatest common divisor of 966 and 42.
42
What is the highest common divisor of 400 and 7900?
100
Calculate the highest common factor of 2852 and 279.
31
What is the highest common factor of 72 and 36?
36
What is the highest common divisor of 162 and 126?
18
What is the greatest common factor of 742 and 16?
2
What is the greatest common factor of 24130 and 127?
127
What is the greatest common divisor of 9 and 276?
3
Calculate the greatest common divisor of 1539 and 4959.
171
Calculate the greatest common divisor of 2 and 32.
2
What is the greatest common divisor of 64 and 20?
4
What is the greatest common divisor of 2649 and 3?
3
Calculate the greatest common divisor of 20 and 190.
10
What is the highest common factor of 603 and 2278?
67
What is the greatest common divisor of 26 and 4?
2
Calculate the greatest common factor of 63 and 315.
63
What is the greatest common factor of 99 and 726?
33
Calculate the highest common factor of 7 and 469.
7
What is the greatest common factor of 1073 and 116?
29
Calculate the greatest common divisor of 96 and 32.
32
What is the highest common divisor of 100 and 60?
20
What is the greatest common factor of 40 and 400?
40
What is the highest common divisor of 42 and 448?
14
What is the highest common divisor of 62 and 5022?
62
Calculate the highest common divisor of 26 and 26.
26
What is the highest common divisor of 1053 and 26?
13
Calculate the highest common factor of 450 and 12.
6
What is the greatest common divisor of 2844 and 36?
36
What is the greatest common divisor of 104 and 560?
8
What is the greatest common factor of 399 and 42?
21
What is the greatest common divisor of 406 and 28?
14
Calculate the greatest common divisor of 3048 and 72.
24
What is the highest common factor of 40 and 470?
10
What is the highest common factor of 2134 and 231?
11
What is the highest common divisor of 2736 and 76?
76
Calculate the greatest common divisor of 9 and 63.
9
What is the highest common divisor of 18 and 402?
6
Calculate the highest common factor of 319 and 116.
29
Calculate the greatest common divisor of 222 and 1073.
37
What is the greatest common factor of 58 and 928?
58
What is the greatest common divisor of 42 and 1778?
14
Calculate the highest common factor of 14658 and 42.
42
Calculate the highest common divisor of 948 and 84.
12
Calculate the highest common divisor of 16 and 40.
8
What is the greatest common divisor of 1757 and 7?
7
Calculate the highest common divisor of 384 and 18.
6
Calculate the greatest common factor of 84 and 96.
12
What is the greatest common factor of 50 and 5850?
50
What is the highest common divisor of 336 and 1792?
112
Calculate the greatest common divisor of 945 and 270.
135
What is the highest common factor of 161 and 9177?
161
What is the highest common divisor of 12545 and 585?
65
What is the highest common factor of 22 and 352?
22
What is the highest common factor of 6 and 2?
2
What is the greatest common divisor of 24 and 1896?
24
What is the highest common divisor of 46 and 22356?
46
What is the greatest common divisor of 57 and 285?
57
What is the greatest common factor of 42 and 21?
21
Calculate the greatest common factor of 185 and 74.
37
Calculate the greatest common divisor of 110 and 4235.
55
What is the highest common divisor of 299 and 78?
13
What is the highest common divisor of 123 and 3?
3
Calculate the highest common factor of 280 and 427.
7
What is the greatest common divisor of 4064 and 32?
32
Calculate the greatest common divisor of 8018 and 844.
422
Calculate the greatest common factor of 366 and 30.
6
What is the highest common factor of 12 and 68604?
12
Calculate the highest common factor of 171 and 95.
19
What is the highest common divisor of 39 and 143?
13
What is the highest common divisor of 1909 and 4?
1
Calculate the highest common factor of 34617 and 33.
33
What is the greatest common divisor of 7708 and 47?
47
Calculate the greatest common divisor of 186 and 18042.
186
Calculate the greatest common divisor of 8949 and 314.
157
Calculate the greatest common divisor of 2 and 229.
1
Calculate the greatest common factor of 6 and 222.
6
What is the highest common factor of 306 and 714?
102
Calculate the highest common factor of 3749 and 621.
23
Calculate the greatest common divisor of 950 and 25.
25
What is the highest common factor of 221 and 17?
17
What is the greatest common divisor of 36 and 4086?
18
Calculate the highest common divisor of 1183 and 7.
7
Calculate the greatest common divisor of 368 and 16.
16
What is the greatest common factor of 1316 and 1269?
47
Calculate the highest common divisor of 845 and 325.
65
Calculate the highest common factor of 15085 and 35.
35
What is the greatest common factor of 302 and 9513?
151
What is the greatest common divisor of 408 and 11?
1
What is the greatest common divisor of 504 and 3122?
14
What is the greatest common divisor of 15 and 13680?
15
What is the greatest common divisor of 99 and 7326?
99
Calculate the greatest common divisor of 540 and 300.
60
What is the highest common divisor of 768 and 192?
192
What is the highest common divisor of 301 and 21?
7
Calculate the greatest common factor of 2 and 2.
2
What is the highest common divisor of 148 and 44?
4
Calculate the highest common divisor of 106372 and 131.
131
Calculate the greatest common divisor of 380 and 40.
20
What is the greatest common divisor of 962 and 130?
26
Calculate the highest common divisor of 111 and 21423.
111
Calculate the greatest common divisor of 21 and 129.
3
What is the greatest common divisor of 95 and 760?
95
Calculate the greatest common divisor of 117 and 130.
13
What is the greatest common divisor of 9 and 14913?
9
What is the greatest common divisor of 28 and 14?
14
Calculate the greatest common factor of 5772 and 260.
52
What is the highest common factor of 637 and 141